{"id":65,"date":"2021-01-26T18:03:21","date_gmt":"2021-01-26T18:03:21","guid":{"rendered":"http:\/\/www.tmvtekniikka.fi\/?page_id=65"},"modified":"2021-04-27T16:57:24","modified_gmt":"2021-04-27T16:57:24","slug":"etusivu","status":"publish","type":"page","link":"http:\/\/www.tmvtekniikka.fi\/","title":{"rendered":"Etusivu &#8211; TMV tekniikka"},"content":{"rendered":"\n<figure class=\"wp-block-image size-large\"><img loading=\"lazy\" decoding=\"async\" width=\"833\" height=\"407\" src=\"http:\/\/www.tmvtekniikka.fi\/wp-content\/uploads\/2021\/01\/logo.jpg\" alt=\"\" class=\"wp-image-110\" srcset=\"http:\/\/www.tmvtekniikka.fi\/wp-content\/uploads\/2021\/01\/logo.jpg 833w, http:\/\/www.tmvtekniikka.fi\/wp-content\/uploads\/2021\/01\/logo-300x147.jpg 300w, http:\/\/www.tmvtekniikka.fi\/wp-content\/uploads\/2021\/01\/logo-768x375.jpg 768w\" sizes=\"auto, (max-width: 833px) 100vw, 833px\" \/><\/figure>\n\n\n\n<p><\/p>\n\n\n\n<p>Yrityksen toimipiste sijaitsee Mikkelin Rahulassa, noin 12 kilometrin p\u00e4\u00e4ss\u00e4 Mikkelin keskustasta.<\/p>\n\n\n\n<p>Tarjoamme asiakkaillemme erilaisia mekaniikka-alan palveluita; suunnittelua, valmistusta ja kokoonpanoa.<\/p>\n\n\n\n<p>Lis\u00e4ksi teemme <a href=\"http:\/\/www.tmvtekniikka.fi\/index.php\/kantojyrsinta\/\">kantojyrsint\u00f6j\u00e4<\/a> Mikkelin alueella.<\/p>\n\n\n\n<p>Hakusanat: kantojyrsint\u00e4 Mikkeli, kantojen poisto<\/p>\n","protected":false},"excerpt":{"rendered":"<p>Yrityksen toimipiste sijaitsee Mikkelin Rahulassa, noin 12 kilometrin p\u00e4\u00e4ss\u00e4 Mikkelin keskustasta. Tarjoamme asiakkaillemme erilaisia mekaniikka-alan palveluita; suunnittelua, valmistusta ja kokoonpanoa. Lis\u00e4ksi teemme kantojyrsint\u00f6j\u00e4 Mikkelin alueella. Hakusanat: kantojyrsint\u00e4 Mikkeli, kantojen poisto<\/p>\n","protected":false},"author":1,"featured_media":0,"parent":0,"menu_order":0,"comment_status":"closed","ping_status":"closed","template":"","meta":{"footnotes":""},"class_list":["post-65","page","type-page","status-publish","hentry"],"yoast_head":"<!-- This site is optimized with the Yoast SEO plugin v24.9 - https:\/\/yoast.com\/wordpress\/plugins\/seo\/ -->\n<title>Etusivu - TMV tekniikka - TMV Tekniikka<\/title>\n<meta name=\"robots\" content=\"index, follow, max-snippet:-1, max-image-preview:large, max-video-preview:-1\" \/>\n<link rel=\"canonical\" href=\"http:\/\/www.tmvtekniikka.fi\/\" \/>\n<meta property=\"og:locale\" content=\"fi_FI\" \/>\n<meta property=\"og:type\" content=\"article\" \/>\n<meta property=\"og:title\" content=\"Etusivu - TMV tekniikka - TMV Tekniikka\" \/>\n<meta property=\"og:description\" content=\"Yrityksen toimipiste sijaitsee Mikkelin Rahulassa, noin 12 kilometrin p\u00e4\u00e4ss\u00e4 Mikkelin keskustasta. Tarjoamme asiakkaillemme erilaisia mekaniikka-alan palveluita; suunnittelua, valmistusta ja kokoonpanoa. Lis\u00e4ksi teemme kantojyrsint\u00f6j\u00e4 Mikkelin alueella. Hakusanat: kantojyrsint\u00e4 Mikkeli, kantojen poisto\" \/>\n<meta property=\"og:url\" content=\"http:\/\/www.tmvtekniikka.fi\/\" \/>\n<meta property=\"og:site_name\" content=\"TMV Tekniikka\" \/>\n<meta property=\"article:modified_time\" content=\"2021-04-27T16:57:24+00:00\" \/>\n<meta property=\"og:image\" content=\"http:\/\/www.tmvtekniikka.fi\/wp-content\/uploads\/2021\/01\/logo.jpg\" \/>\n<meta name=\"twitter:card\" content=\"summary_large_image\" \/>\n<meta name=\"twitter:label1\" content=\"Arvioitu lukuaika\" \/>\n\t<meta name=\"twitter:data1\" content=\"1 minuutti\" \/>\n<script type=\"application\/ld+json\" class=\"yoast-schema-graph\">{\"@context\":\"https:\/\/schema.org\",\"@graph\":[{\"@type\":\"WebPage\",\"@id\":\"http:\/\/www.tmvtekniikka.fi\/\",\"url\":\"http:\/\/www.tmvtekniikka.fi\/\",\"name\":\"Etusivu - TMV tekniikka - TMV Tekniikka\",\"isPartOf\":{\"@id\":\"http:\/\/www.tmvtekniikka.fi\/#website\"},\"primaryImageOfPage\":{\"@id\":\"http:\/\/www.tmvtekniikka.fi\/#primaryimage\"},\"image\":{\"@id\":\"http:\/\/www.tmvtekniikka.fi\/#primaryimage\"},\"thumbnailUrl\":\"http:\/\/www.tmvtekniikka.fi\/wp-content\/uploads\/2021\/01\/logo.jpg\",\"datePublished\":\"2021-01-26T18:03:21+00:00\",\"dateModified\":\"2021-04-27T16:57:24+00:00\",\"breadcrumb\":{\"@id\":\"http:\/\/www.tmvtekniikka.fi\/#breadcrumb\"},\"inLanguage\":\"fi\",\"potentialAction\":[{\"@type\":\"ReadAction\",\"target\":[\"http:\/\/www.tmvtekniikka.fi\/\"]}]},{\"@type\":\"ImageObject\",\"inLanguage\":\"fi\",\"@id\":\"http:\/\/www.tmvtekniikka.fi\/#primaryimage\",\"url\":\"http:\/\/www.tmvtekniikka.fi\/wp-content\/uploads\/2021\/01\/logo.jpg\",\"contentUrl\":\"http:\/\/www.tmvtekniikka.fi\/wp-content\/uploads\/2021\/01\/logo.jpg\",\"width\":833,\"height\":407},{\"@type\":\"BreadcrumbList\",\"@id\":\"http:\/\/www.tmvtekniikka.fi\/#breadcrumb\",\"itemListElement\":[{\"@type\":\"ListItem\",\"position\":1,\"name\":\"Etusivu\",\"item\":\"http:\/\/www.tmvtekniikka.fi\/\"},{\"@type\":\"ListItem\",\"position\":2,\"name\":\"Etusivu &#8211; TMV tekniikka\"}]},{\"@type\":\"WebSite\",\"@id\":\"http:\/\/www.tmvtekniikka.fi\/#website\",\"url\":\"http:\/\/www.tmvtekniikka.fi\/\",\"name\":\"TMV Tekniikka\",\"description\":\"TMV Tekniikka Mikkeli\",\"publisher\":{\"@id\":\"http:\/\/www.tmvtekniikka.fi\/#organization\"},\"potentialAction\":[{\"@type\":\"SearchAction\",\"target\":{\"@type\":\"EntryPoint\",\"urlTemplate\":\"http:\/\/www.tmvtekniikka.fi\/?s={search_term_string}\"},\"query-input\":{\"@type\":\"PropertyValueSpecification\",\"valueRequired\":true,\"valueName\":\"search_term_string\"}}],\"inLanguage\":\"fi\"},{\"@type\":\"Organization\",\"@id\":\"http:\/\/www.tmvtekniikka.fi\/#organization\",\"name\":\"TMV Tekniikka\",\"url\":\"http:\/\/www.tmvtekniikka.fi\/\",\"logo\":{\"@type\":\"ImageObject\",\"inLanguage\":\"fi\",\"@id\":\"http:\/\/www.tmvtekniikka.fi\/#\/schema\/logo\/image\/\",\"url\":\"http:\/\/www.tmvtekniikka.fi\/wp-content\/uploads\/2021\/01\/cropped-cropped-logo.jpg\",\"contentUrl\":\"http:\/\/www.tmvtekniikka.fi\/wp-content\/uploads\/2021\/01\/cropped-cropped-logo.jpg\",\"width\":210,\"height\":92,\"caption\":\"TMV Tekniikka\"},\"image\":{\"@id\":\"http:\/\/www.tmvtekniikka.fi\/#\/schema\/logo\/image\/\"}}]}<\/script>\n<!-- \/ Yoast SEO plugin. -->","yoast_head_json":{"title":"Etusivu - TMV tekniikka - TMV Tekniikka","robots":{"index":"index","follow":"follow","max-snippet":"max-snippet:-1","max-image-preview":"max-image-preview:large","max-video-preview":"max-video-preview:-1"},"canonical":"http:\/\/www.tmvtekniikka.fi\/","og_locale":"fi_FI","og_type":"article","og_title":"Etusivu - TMV tekniikka - TMV Tekniikka","og_description":"Yrityksen toimipiste sijaitsee Mikkelin Rahulassa, noin 12 kilometrin p\u00e4\u00e4ss\u00e4 Mikkelin keskustasta. Tarjoamme asiakkaillemme erilaisia mekaniikka-alan palveluita; suunnittelua, valmistusta ja kokoonpanoa. Lis\u00e4ksi teemme kantojyrsint\u00f6j\u00e4 Mikkelin alueella. Hakusanat: kantojyrsint\u00e4 Mikkeli, kantojen poisto","og_url":"http:\/\/www.tmvtekniikka.fi\/","og_site_name":"TMV Tekniikka","article_modified_time":"2021-04-27T16:57:24+00:00","og_image":[{"url":"http:\/\/www.tmvtekniikka.fi\/wp-content\/uploads\/2021\/01\/logo.jpg","type":"","width":"","height":""}],"twitter_card":"summary_large_image","twitter_misc":{"Arvioitu lukuaika":"1 minuutti"},"schema":{"@context":"https:\/\/schema.org","@graph":[{"@type":"WebPage","@id":"http:\/\/www.tmvtekniikka.fi\/","url":"http:\/\/www.tmvtekniikka.fi\/","name":"Etusivu - TMV tekniikka - TMV Tekniikka","isPartOf":{"@id":"http:\/\/www.tmvtekniikka.fi\/#website"},"primaryImageOfPage":{"@id":"http:\/\/www.tmvtekniikka.fi\/#primaryimage"},"image":{"@id":"http:\/\/www.tmvtekniikka.fi\/#primaryimage"},"thumbnailUrl":"http:\/\/www.tmvtekniikka.fi\/wp-content\/uploads\/2021\/01\/logo.jpg","datePublished":"2021-01-26T18:03:21+00:00","dateModified":"2021-04-27T16:57:24+00:00","breadcrumb":{"@id":"http:\/\/www.tmvtekniikka.fi\/#breadcrumb"},"inLanguage":"fi","potentialAction":[{"@type":"ReadAction","target":["http:\/\/www.tmvtekniikka.fi\/"]}]},{"@type":"ImageObject","inLanguage":"fi","@id":"http:\/\/www.tmvtekniikka.fi\/#primaryimage","url":"http:\/\/www.tmvtekniikka.fi\/wp-content\/uploads\/2021\/01\/logo.jpg","contentUrl":"http:\/\/www.tmvtekniikka.fi\/wp-content\/uploads\/2021\/01\/logo.jpg","width":833,"height":407},{"@type":"BreadcrumbList","@id":"http:\/\/www.tmvtekniikka.fi\/#breadcrumb","itemListElement":[{"@type":"ListItem","position":1,"name":"Etusivu","item":"http:\/\/www.tmvtekniikka.fi\/"},{"@type":"ListItem","position":2,"name":"Etusivu &#8211; TMV tekniikka"}]},{"@type":"WebSite","@id":"http:\/\/www.tmvtekniikka.fi\/#website","url":"http:\/\/www.tmvtekniikka.fi\/","name":"TMV Tekniikka","description":"TMV Tekniikka Mikkeli","publisher":{"@id":"http:\/\/www.tmvtekniikka.fi\/#organization"},"potentialAction":[{"@type":"SearchAction","target":{"@type":"EntryPoint","urlTemplate":"http:\/\/www.tmvtekniikka.fi\/?s={search_term_string}"},"query-input":{"@type":"PropertyValueSpecification","valueRequired":true,"valueName":"search_term_string"}}],"inLanguage":"fi"},{"@type":"Organization","@id":"http:\/\/www.tmvtekniikka.fi\/#organization","name":"TMV Tekniikka","url":"http:\/\/www.tmvtekniikka.fi\/","logo":{"@type":"ImageObject","inLanguage":"fi","@id":"http:\/\/www.tmvtekniikka.fi\/#\/schema\/logo\/image\/","url":"http:\/\/www.tmvtekniikka.fi\/wp-content\/uploads\/2021\/01\/cropped-cropped-logo.jpg","contentUrl":"http:\/\/www.tmvtekniikka.fi\/wp-content\/uploads\/2021\/01\/cropped-cropped-logo.jpg","width":210,"height":92,"caption":"TMV Tekniikka"},"image":{"@id":"http:\/\/www.tmvtekniikka.fi\/#\/schema\/logo\/image\/"}}]}},"_links":{"self":[{"href":"http:\/\/www.tmvtekniikka.fi\/index.php\/wp-json\/wp\/v2\/pages\/65","targetHints":{"allow":["GET"]}}],"collection":[{"href":"http:\/\/www.tmvtekniikka.fi\/index.php\/wp-json\/wp\/v2\/pages"}],"about":[{"href":"http:\/\/www.tmvtekniikka.fi\/index.php\/wp-json\/wp\/v2\/types\/page"}],"author":[{"embeddable":true,"href":"http:\/\/www.tmvtekniikka.fi\/index.php\/wp-json\/wp\/v2\/users\/1"}],"replies":[{"embeddable":true,"href":"http:\/\/www.tmvtekniikka.fi\/index.php\/wp-json\/wp\/v2\/comments?post=65"}],"version-history":[{"count":10,"href":"http:\/\/www.tmvtekniikka.fi\/index.php\/wp-json\/wp\/v2\/pages\/65\/revisions"}],"predecessor-version":[{"id":163,"href":"http:\/\/www.tmvtekniikka.fi\/index.php\/wp-json\/wp\/v2\/pages\/65\/revisions\/163"}],"wp:attachment":[{"href":"http:\/\/www.tmvtekniikka.fi\/index.php\/wp-json\/wp\/v2\/media?parent=65"}],"curies":[{"name":"wp","href":"https:\/\/api.w.org\/{rel}","templated":true}]}}