{"id":43,"date":"2021-01-26T17:50:00","date_gmt":"2021-01-26T17:50:00","guid":{"rendered":"http:\/\/www.tmvtekniikka.fi\/?page_id=43"},"modified":"2021-01-26T20:46:27","modified_gmt":"2021-01-26T20:46:27","slug":"kantojyrsinta","status":"publish","type":"page","link":"http:\/\/www.tmvtekniikka.fi\/index.php\/kantojyrsinta\/","title":{"rendered":"Kantojyrsint\u00e4"},"content":{"rendered":"\n<p>Kannot pois ymp\u00e4rist\u00f6\u00f6n j\u00e4lki\u00e4 j\u00e4tt\u00e4m\u00e4tt\u00e4.&nbsp;<\/p>\n\n\n\n<p>Tehokas kantojyrsin jyrsii kannot 10-20 cm maanpinnan alapuolelle, my\u00f6s pinnassa olevien juurien jyrsint\u00e4 kannon ymp\u00e4rilt\u00e4.&nbsp;<\/p>\n\n\n\n<p>Tarjoamme my\u00f6s kokonaisvaltaista palvelua alueen siivouksesta aina nurmikon istutukseen saakka.<\/p>\n\n\n\n<ul class=\"wp-block-list\"><li><strong>Hinnasto:<\/strong><\/li><li>Jyrsint\u00e4 kannon halkaisijan mukaan <strong>1,24\u20ac \/ 1cm<\/strong><\/li><li>Kantojyrsimen kuljetus <strong>1,24\u20ac \/ km<\/strong><\/li><li>Muut ty\u00f6t kantojyrsint\u00e4ty\u00f6maalla, kuten alueen siivous yms. <strong>43,5\u20ac\/h<\/strong><\/li><li>Hinnat sis\u00e4lt\u00e4v\u00e4t alv 24 %<\/li><\/ul>\n\n\n\n<p>Isommissa kohteissa kysy urakkakohtainen tarjous.\u00a0<\/p>\n\n\n\n<figure class=\"wp-block-gallery columns-3 is-cropped wp-block-gallery-1 is-layout-flex wp-block-gallery-is-layout-flex\"><ul class=\"blocks-gallery-grid\"><li class=\"blocks-gallery-item\"><figure><img loading=\"lazy\" decoding=\"async\" width=\"1024\" height=\"575\" src=\"http:\/\/www.tmvtekniikka.fi\/wp-content\/uploads\/2021\/01\/Jyrsinta\u0308a\u0308-1-1024x575.jpg\" alt=\"\" data-id=\"90\" data-full-url=\"http:\/\/www.tmvtekniikka.fi\/wp-content\/uploads\/2021\/01\/Jyrsinta\u0308a\u0308-1-scaled.jpg\" data-link=\"http:\/\/www.tmvtekniikka.fi\/index.php\/kantojyrsinta\/jyrsinta%cc%88a%cc%88-1\/\" class=\"wp-image-90\" srcset=\"http:\/\/www.tmvtekniikka.fi\/wp-content\/uploads\/2021\/01\/Jyrsinta\u0308a\u0308-1-1024x575.jpg 1024w, http:\/\/www.tmvtekniikka.fi\/wp-content\/uploads\/2021\/01\/Jyrsinta\u0308a\u0308-1-300x168.jpg 300w, http:\/\/www.tmvtekniikka.fi\/wp-content\/uploads\/2021\/01\/Jyrsinta\u0308a\u0308-1-768x431.jpg 768w, http:\/\/www.tmvtekniikka.fi\/wp-content\/uploads\/2021\/01\/Jyrsinta\u0308a\u0308-1-1536x863.jpg 1536w, http:\/\/www.tmvtekniikka.fi\/wp-content\/uploads\/2021\/01\/Jyrsinta\u0308a\u0308-1-2048x1150.jpg 2048w\" sizes=\"auto, (max-width: 1024px) 100vw, 1024px\" \/><\/figure><\/li><li class=\"blocks-gallery-item\"><figure><img loading=\"lazy\" decoding=\"async\" width=\"1024\" height=\"575\" src=\"http:\/\/www.tmvtekniikka.fi\/wp-content\/uploads\/2021\/01\/Jyrsinta\u0308a\u0308-2-1024x575.jpg\" alt=\"\" data-id=\"91\" data-full-url=\"http:\/\/www.tmvtekniikka.fi\/wp-content\/uploads\/2021\/01\/Jyrsinta\u0308a\u0308-2-scaled.jpg\" data-link=\"http:\/\/www.tmvtekniikka.fi\/index.php\/kantojyrsinta\/jyrsinta%cc%88a%cc%88-2\/\" class=\"wp-image-91\" srcset=\"http:\/\/www.tmvtekniikka.fi\/wp-content\/uploads\/2021\/01\/Jyrsinta\u0308a\u0308-2-1024x575.jpg 1024w, http:\/\/www.tmvtekniikka.fi\/wp-content\/uploads\/2021\/01\/Jyrsinta\u0308a\u0308-2-300x168.jpg 300w, http:\/\/www.tmvtekniikka.fi\/wp-content\/uploads\/2021\/01\/Jyrsinta\u0308a\u0308-2-768x431.jpg 768w, http:\/\/www.tmvtekniikka.fi\/wp-content\/uploads\/2021\/01\/Jyrsinta\u0308a\u0308-2-1536x863.jpg 1536w, http:\/\/www.tmvtekniikka.fi\/wp-content\/uploads\/2021\/01\/Jyrsinta\u0308a\u0308-2-2048x1150.jpg 2048w\" sizes=\"auto, (max-width: 1024px) 100vw, 1024px\" \/><\/figure><\/li><li class=\"blocks-gallery-item\"><figure><img loading=\"lazy\" decoding=\"async\" width=\"1024\" height=\"575\" src=\"http:\/\/www.tmvtekniikka.fi\/wp-content\/uploads\/2021\/01\/Kannot-ennen-jyrsinta\u0308a\u0308-1024x575.jpg\" alt=\"\" data-id=\"92\" data-full-url=\"http:\/\/www.tmvtekniikka.fi\/wp-content\/uploads\/2021\/01\/Kannot-ennen-jyrsinta\u0308a\u0308-scaled.jpg\" data-link=\"http:\/\/www.tmvtekniikka.fi\/index.php\/kantojyrsinta\/kannot-ennen-jyrsinta%cc%88a%cc%88\/\" class=\"wp-image-92\" srcset=\"http:\/\/www.tmvtekniikka.fi\/wp-content\/uploads\/2021\/01\/Kannot-ennen-jyrsinta\u0308a\u0308-1024x575.jpg 1024w, http:\/\/www.tmvtekniikka.fi\/wp-content\/uploads\/2021\/01\/Kannot-ennen-jyrsinta\u0308a\u0308-300x168.jpg 300w, http:\/\/www.tmvtekniikka.fi\/wp-content\/uploads\/2021\/01\/Kannot-ennen-jyrsinta\u0308a\u0308-768x431.jpg 768w, http:\/\/www.tmvtekniikka.fi\/wp-content\/uploads\/2021\/01\/Kannot-ennen-jyrsinta\u0308a\u0308-1536x863.jpg 1536w, http:\/\/www.tmvtekniikka.fi\/wp-content\/uploads\/2021\/01\/Kannot-ennen-jyrsinta\u0308a\u0308-2048x1150.jpg 2048w\" sizes=\"auto, (max-width: 1024px) 100vw, 1024px\" \/><\/figure><\/li><li class=\"blocks-gallery-item\"><figure><img loading=\"lazy\" decoding=\"async\" width=\"1024\" height=\"575\" src=\"http:\/\/www.tmvtekniikka.fi\/wp-content\/uploads\/2021\/01\/Kannot-jyrsittyna\u0308-1024x575.jpg\" alt=\"\" data-id=\"93\" data-full-url=\"http:\/\/www.tmvtekniikka.fi\/wp-content\/uploads\/2021\/01\/Kannot-jyrsittyna\u0308-scaled.jpg\" data-link=\"http:\/\/www.tmvtekniikka.fi\/index.php\/kantojyrsinta\/kannot-jyrsittyna%cc%88\/\" class=\"wp-image-93\" srcset=\"http:\/\/www.tmvtekniikka.fi\/wp-content\/uploads\/2021\/01\/Kannot-jyrsittyna\u0308-1024x575.jpg 1024w, http:\/\/www.tmvtekniikka.fi\/wp-content\/uploads\/2021\/01\/Kannot-jyrsittyna\u0308-300x168.jpg 300w, http:\/\/www.tmvtekniikka.fi\/wp-content\/uploads\/2021\/01\/Kannot-jyrsittyna\u0308-768x431.jpg 768w, http:\/\/www.tmvtekniikka.fi\/wp-content\/uploads\/2021\/01\/Kannot-jyrsittyna\u0308-1536x863.jpg 1536w, http:\/\/www.tmvtekniikka.fi\/wp-content\/uploads\/2021\/01\/Kannot-jyrsittyna\u0308-2048x1150.jpg 2048w\" sizes=\"auto, (max-width: 1024px) 100vw, 1024px\" \/><\/figure><\/li><li class=\"blocks-gallery-item\"><figure><img loading=\"lazy\" decoding=\"async\" width=\"1024\" height=\"575\" src=\"http:\/\/www.tmvtekniikka.fi\/wp-content\/uploads\/2021\/01\/Kanto-1--1024x575.jpg\" alt=\"\" data-id=\"94\" data-full-url=\"http:\/\/www.tmvtekniikka.fi\/wp-content\/uploads\/2021\/01\/Kanto-1--scaled.jpg\" data-link=\"http:\/\/www.tmvtekniikka.fi\/index.php\/kantojyrsinta\/kanto-1\/\" class=\"wp-image-94\" srcset=\"http:\/\/www.tmvtekniikka.fi\/wp-content\/uploads\/2021\/01\/Kanto-1--1024x575.jpg 1024w, http:\/\/www.tmvtekniikka.fi\/wp-content\/uploads\/2021\/01\/Kanto-1--300x168.jpg 300w, http:\/\/www.tmvtekniikka.fi\/wp-content\/uploads\/2021\/01\/Kanto-1--768x431.jpg 768w, http:\/\/www.tmvtekniikka.fi\/wp-content\/uploads\/2021\/01\/Kanto-1--1536x863.jpg 1536w, http:\/\/www.tmvtekniikka.fi\/wp-content\/uploads\/2021\/01\/Kanto-1--2048x1150.jpg 2048w\" sizes=\"auto, (max-width: 1024px) 100vw, 1024px\" \/><\/figure><\/li><li class=\"blocks-gallery-item\"><figure><img loading=\"lazy\" decoding=\"async\" width=\"1024\" height=\"575\" src=\"http:\/\/www.tmvtekniikka.fi\/wp-content\/uploads\/2021\/01\/kanto-2-1024x575.jpg\" alt=\"\" data-id=\"95\" data-full-url=\"http:\/\/www.tmvtekniikka.fi\/wp-content\/uploads\/2021\/01\/kanto-2-scaled.jpg\" data-link=\"http:\/\/www.tmvtekniikka.fi\/index.php\/kantojyrsinta\/kanto-2\/\" class=\"wp-image-95\" srcset=\"http:\/\/www.tmvtekniikka.fi\/wp-content\/uploads\/2021\/01\/kanto-2-1024x575.jpg 1024w, http:\/\/www.tmvtekniikka.fi\/wp-content\/uploads\/2021\/01\/kanto-2-300x168.jpg 300w, http:\/\/www.tmvtekniikka.fi\/wp-content\/uploads\/2021\/01\/kanto-2-768x431.jpg 768w, http:\/\/www.tmvtekniikka.fi\/wp-content\/uploads\/2021\/01\/kanto-2-1536x863.jpg 1536w, http:\/\/www.tmvtekniikka.fi\/wp-content\/uploads\/2021\/01\/kanto-2-2048x1150.jpg 2048w\" sizes=\"auto, (max-width: 1024px) 100vw, 1024px\" \/><\/figure><\/li><li class=\"blocks-gallery-item\"><figure><img loading=\"lazy\" decoding=\"async\" width=\"1024\" height=\"575\" src=\"http:\/\/www.tmvtekniikka.fi\/wp-content\/uploads\/2021\/01\/kanto-3-1024x575.jpg\" alt=\"\" data-id=\"96\" data-full-url=\"http:\/\/www.tmvtekniikka.fi\/wp-content\/uploads\/2021\/01\/kanto-3-scaled.jpg\" data-link=\"http:\/\/www.tmvtekniikka.fi\/index.php\/kantojyrsinta\/kanto-3\/\" class=\"wp-image-96\" srcset=\"http:\/\/www.tmvtekniikka.fi\/wp-content\/uploads\/2021\/01\/kanto-3-1024x575.jpg 1024w, http:\/\/www.tmvtekniikka.fi\/wp-content\/uploads\/2021\/01\/kanto-3-300x168.jpg 300w, http:\/\/www.tmvtekniikka.fi\/wp-content\/uploads\/2021\/01\/kanto-3-768x431.jpg 768w, http:\/\/www.tmvtekniikka.fi\/wp-content\/uploads\/2021\/01\/kanto-3-1536x863.jpg 1536w, http:\/\/www.tmvtekniikka.fi\/wp-content\/uploads\/2021\/01\/kanto-3-2048x1150.jpg 2048w\" sizes=\"auto, (max-width: 1024px) 100vw, 1024px\" \/><\/figure><\/li><li class=\"blocks-gallery-item\"><figure><img loading=\"lazy\" decoding=\"async\" width=\"1024\" height=\"575\" src=\"http:\/\/www.tmvtekniikka.fi\/wp-content\/uploads\/2021\/01\/kanto-4-1024x575.jpg\" alt=\"\" data-id=\"97\" data-full-url=\"http:\/\/www.tmvtekniikka.fi\/wp-content\/uploads\/2021\/01\/kanto-4-scaled.jpg\" data-link=\"http:\/\/www.tmvtekniikka.fi\/index.php\/kantojyrsinta\/kanto-4\/\" class=\"wp-image-97\" srcset=\"http:\/\/www.tmvtekniikka.fi\/wp-content\/uploads\/2021\/01\/kanto-4-1024x575.jpg 1024w, http:\/\/www.tmvtekniikka.fi\/wp-content\/uploads\/2021\/01\/kanto-4-300x168.jpg 300w, http:\/\/www.tmvtekniikka.fi\/wp-content\/uploads\/2021\/01\/kanto-4-768x431.jpg 768w, http:\/\/www.tmvtekniikka.fi\/wp-content\/uploads\/2021\/01\/kanto-4-1536x863.jpg 1536w, http:\/\/www.tmvtekniikka.fi\/wp-content\/uploads\/2021\/01\/kanto-4-2048x1150.jpg 2048w\" sizes=\"auto, (max-width: 1024px) 100vw, 1024px\" \/><\/figure><\/li><li class=\"blocks-gallery-item\"><figure><img loading=\"lazy\" decoding=\"async\" width=\"1024\" height=\"575\" src=\"http:\/\/www.tmvtekniikka.fi\/wp-content\/uploads\/2021\/01\/Kanto-120cm-1-1024x575.jpg\" alt=\"\" data-id=\"98\" data-full-url=\"http:\/\/www.tmvtekniikka.fi\/wp-content\/uploads\/2021\/01\/Kanto-120cm-1-scaled.jpg\" data-link=\"http:\/\/www.tmvtekniikka.fi\/index.php\/kantojyrsinta\/kanto-120cm-1\/\" class=\"wp-image-98\" srcset=\"http:\/\/www.tmvtekniikka.fi\/wp-content\/uploads\/2021\/01\/Kanto-120cm-1-1024x575.jpg 1024w, http:\/\/www.tmvtekniikka.fi\/wp-content\/uploads\/2021\/01\/Kanto-120cm-1-300x168.jpg 300w, http:\/\/www.tmvtekniikka.fi\/wp-content\/uploads\/2021\/01\/Kanto-120cm-1-768x431.jpg 768w, http:\/\/www.tmvtekniikka.fi\/wp-content\/uploads\/2021\/01\/Kanto-120cm-1-1536x863.jpg 1536w, http:\/\/www.tmvtekniikka.fi\/wp-content\/uploads\/2021\/01\/Kanto-120cm-1-2048x1150.jpg 2048w\" sizes=\"auto, (max-width: 1024px) 100vw, 1024px\" \/><\/figure><\/li><li class=\"blocks-gallery-item\"><figure><img loading=\"lazy\" decoding=\"async\" width=\"1024\" height=\"575\" src=\"http:\/\/www.tmvtekniikka.fi\/wp-content\/uploads\/2021\/01\/Kanto-120cm-2-1024x575.jpg\" alt=\"\" data-id=\"99\" data-full-url=\"http:\/\/www.tmvtekniikka.fi\/wp-content\/uploads\/2021\/01\/Kanto-120cm-2-scaled.jpg\" data-link=\"http:\/\/www.tmvtekniikka.fi\/index.php\/kantojyrsinta\/kanto-120cm-2\/\" class=\"wp-image-99\" srcset=\"http:\/\/www.tmvtekniikka.fi\/wp-content\/uploads\/2021\/01\/Kanto-120cm-2-1024x575.jpg 1024w, http:\/\/www.tmvtekniikka.fi\/wp-content\/uploads\/2021\/01\/Kanto-120cm-2-300x168.jpg 300w, http:\/\/www.tmvtekniikka.fi\/wp-content\/uploads\/2021\/01\/Kanto-120cm-2-768x431.jpg 768w, http:\/\/www.tmvtekniikka.fi\/wp-content\/uploads\/2021\/01\/Kanto-120cm-2-1536x863.jpg 1536w, http:\/\/www.tmvtekniikka.fi\/wp-content\/uploads\/2021\/01\/Kanto-120cm-2-2048x1150.jpg 2048w\" sizes=\"auto, (max-width: 1024px) 100vw, 1024px\" \/><\/figure><\/li><li class=\"blocks-gallery-item\"><figure><img loading=\"lazy\" decoding=\"async\" width=\"1024\" height=\"575\" src=\"http:\/\/www.tmvtekniikka.fi\/wp-content\/uploads\/2021\/01\/Kanto-120cm-3-1024x575.jpg\" alt=\"\" data-id=\"100\" data-full-url=\"http:\/\/www.tmvtekniikka.fi\/wp-content\/uploads\/2021\/01\/Kanto-120cm-3-scaled.jpg\" data-link=\"http:\/\/www.tmvtekniikka.fi\/index.php\/kantojyrsinta\/kanto-120cm-3\/\" class=\"wp-image-100\" srcset=\"http:\/\/www.tmvtekniikka.fi\/wp-content\/uploads\/2021\/01\/Kanto-120cm-3-1024x575.jpg 1024w, http:\/\/www.tmvtekniikka.fi\/wp-content\/uploads\/2021\/01\/Kanto-120cm-3-300x168.jpg 300w, http:\/\/www.tmvtekniikka.fi\/wp-content\/uploads\/2021\/01\/Kanto-120cm-3-768x431.jpg 768w, http:\/\/www.tmvtekniikka.fi\/wp-content\/uploads\/2021\/01\/Kanto-120cm-3-1536x863.jpg 1536w, http:\/\/www.tmvtekniikka.fi\/wp-content\/uploads\/2021\/01\/Kanto-120cm-3-2048x1150.jpg 2048w\" sizes=\"auto, (max-width: 1024px) 100vw, 1024px\" \/><\/figure><\/li><li class=\"blocks-gallery-item\"><figure><img loading=\"lazy\" decoding=\"async\" width=\"1024\" height=\"575\" src=\"http:\/\/www.tmvtekniikka.fi\/wp-content\/uploads\/2021\/01\/Kanto-120cm-1024x575.jpg\" alt=\"\" data-id=\"101\" data-full-url=\"http:\/\/www.tmvtekniikka.fi\/wp-content\/uploads\/2021\/01\/Kanto-120cm-scaled.jpg\" data-link=\"http:\/\/www.tmvtekniikka.fi\/index.php\/kantojyrsinta\/kanto-120cm\/\" class=\"wp-image-101\" srcset=\"http:\/\/www.tmvtekniikka.fi\/wp-content\/uploads\/2021\/01\/Kanto-120cm-1024x575.jpg 1024w, http:\/\/www.tmvtekniikka.fi\/wp-content\/uploads\/2021\/01\/Kanto-120cm-300x168.jpg 300w, http:\/\/www.tmvtekniikka.fi\/wp-content\/uploads\/2021\/01\/Kanto-120cm-768x431.jpg 768w, http:\/\/www.tmvtekniikka.fi\/wp-content\/uploads\/2021\/01\/Kanto-120cm-1536x863.jpg 1536w, http:\/\/www.tmvtekniikka.fi\/wp-content\/uploads\/2021\/01\/Kanto-120cm-2048x1150.jpg 2048w\" sizes=\"auto, (max-width: 1024px) 100vw, 1024px\" \/><\/figure><\/li><li class=\"blocks-gallery-item\"><figure><img loading=\"lazy\" decoding=\"async\" width=\"662\" height=\"829\" src=\"http:\/\/www.tmvtekniikka.fi\/wp-content\/uploads\/2021\/01\/Kone-tyo\u0308maalla-1.jpg\" alt=\"\" data-id=\"102\" data-full-url=\"http:\/\/www.tmvtekniikka.fi\/wp-content\/uploads\/2021\/01\/Kone-tyo\u0308maalla-1.jpg\" data-link=\"http:\/\/www.tmvtekniikka.fi\/index.php\/kantojyrsinta\/kone-tyo%cc%88maalla-1\/\" class=\"wp-image-102\" srcset=\"http:\/\/www.tmvtekniikka.fi\/wp-content\/uploads\/2021\/01\/Kone-tyo\u0308maalla-1.jpg 662w, http:\/\/www.tmvtekniikka.fi\/wp-content\/uploads\/2021\/01\/Kone-tyo\u0308maalla-1-240x300.jpg 240w\" sizes=\"auto, (max-width: 662px) 100vw, 662px\" \/><\/figure><\/li><li class=\"blocks-gallery-item\"><figure><img loading=\"lazy\" decoding=\"async\" width=\"1024\" height=\"575\" src=\"http:\/\/www.tmvtekniikka.fi\/wp-content\/uploads\/2021\/01\/Kone-tyo\u0308maalla-1024x575.jpg\" alt=\"\" data-id=\"103\" data-full-url=\"http:\/\/www.tmvtekniikka.fi\/wp-content\/uploads\/2021\/01\/Kone-tyo\u0308maalla-scaled.jpg\" data-link=\"http:\/\/www.tmvtekniikka.fi\/index.php\/kantojyrsinta\/kone-tyo%cc%88maalla\/\" class=\"wp-image-103\" srcset=\"http:\/\/www.tmvtekniikka.fi\/wp-content\/uploads\/2021\/01\/Kone-tyo\u0308maalla-1024x575.jpg 1024w, http:\/\/www.tmvtekniikka.fi\/wp-content\/uploads\/2021\/01\/Kone-tyo\u0308maalla-300x168.jpg 300w, http:\/\/www.tmvtekniikka.fi\/wp-content\/uploads\/2021\/01\/Kone-tyo\u0308maalla-768x431.jpg 768w, http:\/\/www.tmvtekniikka.fi\/wp-content\/uploads\/2021\/01\/Kone-tyo\u0308maalla-1536x863.jpg 1536w, http:\/\/www.tmvtekniikka.fi\/wp-content\/uploads\/2021\/01\/Kone-tyo\u0308maalla-2048x1150.jpg 2048w\" sizes=\"auto, (max-width: 1024px) 100vw, 1024px\" \/><\/figure><\/li><\/ul><\/figure>\n","protected":false},"excerpt":{"rendered":"<p>Kannot pois ymp\u00e4rist\u00f6\u00f6n j\u00e4lki\u00e4 j\u00e4tt\u00e4m\u00e4tt\u00e4.&nbsp; Tehokas kantojyrsin jyrsii kannot 10-20 cm maanpinnan alapuolelle, my\u00f6s pinnassa olevien juurien jyrsint\u00e4 kannon ymp\u00e4rilt\u00e4.&nbsp; Tarjoamme my\u00f6s kokonaisvaltaista palvelua alueen siivouksesta aina nurmikon istutukseen saakka. Hinnasto: Jyrsint\u00e4 kannon halkaisijan mukaan 1,24\u20ac \/ 1cm Kantojyrsimen kuljetus 1,24\u20ac \/ km Muut ty\u00f6t kantojyrsint\u00e4ty\u00f6maalla, kuten alueen siivous yms. 43,5\u20ac\/h Hinnat sis\u00e4lt\u00e4v\u00e4t alv 24<\/p><\/div>\n<div class=\"blog-btn\"><a href=\"http:\/\/www.tmvtekniikka.fi\/index.php\/kantojyrsinta\/\" class=\"home-blog-btn\">Lue lis\u00e4\u00e4<\/a><\/p>\n","protected":false},"author":1,"featured_media":0,"parent":0,"menu_order":0,"comment_status":"closed","ping_status":"closed","template":"","meta":{"footnotes":""},"class_list":["post-43","page","type-page","status-publish","hentry"],"yoast_head":"<!-- This site is optimized with the Yoast SEO plugin v24.9 - https:\/\/yoast.com\/wordpress\/plugins\/seo\/ -->\n<title>Kantojyrsint\u00e4 - TMV Tekniikka<\/title>\n<meta name=\"robots\" content=\"index, follow, max-snippet:-1, max-image-preview:large, max-video-preview:-1\" \/>\n<link rel=\"canonical\" href=\"http:\/\/www.tmvtekniikka.fi\/index.php\/kantojyrsinta\/\" \/>\n<meta property=\"og:locale\" content=\"fi_FI\" \/>\n<meta property=\"og:type\" content=\"article\" \/>\n<meta property=\"og:title\" content=\"Kantojyrsint\u00e4 - TMV Tekniikka\" \/>\n<meta property=\"og:description\" content=\"Kannot pois ymp\u00e4rist\u00f6\u00f6n j\u00e4lki\u00e4 j\u00e4tt\u00e4m\u00e4tt\u00e4.&nbsp; Tehokas kantojyrsin jyrsii kannot 10-20 cm maanpinnan alapuolelle, my\u00f6s pinnassa olevien juurien jyrsint\u00e4 kannon ymp\u00e4rilt\u00e4.&nbsp; Tarjoamme my\u00f6s kokonaisvaltaista palvelua alueen siivouksesta aina nurmikon istutukseen saakka. Hinnasto: Jyrsint\u00e4 kannon halkaisijan mukaan 1,24\u20ac \/ 1cm Kantojyrsimen kuljetus 1,24\u20ac \/ km Muut ty\u00f6t kantojyrsint\u00e4ty\u00f6maalla, kuten alueen siivous yms. 43,5\u20ac\/h Hinnat sis\u00e4lt\u00e4v\u00e4t alv 24Lue lis\u00e4\u00e4\" \/>\n<meta property=\"og:url\" content=\"http:\/\/www.tmvtekniikka.fi\/index.php\/kantojyrsinta\/\" \/>\n<meta property=\"og:site_name\" content=\"TMV Tekniikka\" \/>\n<meta property=\"article:modified_time\" content=\"2021-01-26T20:46:27+00:00\" \/>\n<meta property=\"og:image\" content=\"http:\/\/www.tmvtekniikka.fi\/wp-content\/uploads\/2021\/01\/Kanto-1--1024x575.jpg\" \/>\n<meta name=\"twitter:card\" content=\"summary_large_image\" \/>\n<script type=\"application\/ld+json\" class=\"yoast-schema-graph\">{\"@context\":\"https:\/\/schema.org\",\"@graph\":[{\"@type\":\"WebPage\",\"@id\":\"http:\/\/www.tmvtekniikka.fi\/index.php\/kantojyrsinta\/\",\"url\":\"http:\/\/www.tmvtekniikka.fi\/index.php\/kantojyrsinta\/\",\"name\":\"Kantojyrsint\u00e4 - TMV Tekniikka\",\"isPartOf\":{\"@id\":\"http:\/\/www.tmvtekniikka.fi\/#website\"},\"primaryImageOfPage\":{\"@id\":\"http:\/\/www.tmvtekniikka.fi\/index.php\/kantojyrsinta\/#primaryimage\"},\"image\":{\"@id\":\"http:\/\/www.tmvtekniikka.fi\/index.php\/kantojyrsinta\/#primaryimage\"},\"thumbnailUrl\":\"http:\/\/www.tmvtekniikka.fi\/wp-content\/uploads\/2021\/01\/Kanto-1--1024x575.jpg\",\"datePublished\":\"2021-01-26T17:50:00+00:00\",\"dateModified\":\"2021-01-26T20:46:27+00:00\",\"breadcrumb\":{\"@id\":\"http:\/\/www.tmvtekniikka.fi\/index.php\/kantojyrsinta\/#breadcrumb\"},\"inLanguage\":\"fi\",\"potentialAction\":[{\"@type\":\"ReadAction\",\"target\":[\"http:\/\/www.tmvtekniikka.fi\/index.php\/kantojyrsinta\/\"]}]},{\"@type\":\"ImageObject\",\"inLanguage\":\"fi\",\"@id\":\"http:\/\/www.tmvtekniikka.fi\/index.php\/kantojyrsinta\/#primaryimage\",\"url\":\"http:\/\/www.tmvtekniikka.fi\/wp-content\/uploads\/2021\/01\/Kanto-1--1024x575.jpg\",\"contentUrl\":\"http:\/\/www.tmvtekniikka.fi\/wp-content\/uploads\/2021\/01\/Kanto-1--1024x575.jpg\"},{\"@type\":\"BreadcrumbList\",\"@id\":\"http:\/\/www.tmvtekniikka.fi\/index.php\/kantojyrsinta\/#breadcrumb\",\"itemListElement\":[{\"@type\":\"ListItem\",\"position\":1,\"name\":\"Etusivu\",\"item\":\"http:\/\/www.tmvtekniikka.fi\/\"},{\"@type\":\"ListItem\",\"position\":2,\"name\":\"Kantojyrsint\u00e4\"}]},{\"@type\":\"WebSite\",\"@id\":\"http:\/\/www.tmvtekniikka.fi\/#website\",\"url\":\"http:\/\/www.tmvtekniikka.fi\/\",\"name\":\"TMV Tekniikka\",\"description\":\"TMV Tekniikka Mikkeli\",\"publisher\":{\"@id\":\"http:\/\/www.tmvtekniikka.fi\/#organization\"},\"potentialAction\":[{\"@type\":\"SearchAction\",\"target\":{\"@type\":\"EntryPoint\",\"urlTemplate\":\"http:\/\/www.tmvtekniikka.fi\/?s={search_term_string}\"},\"query-input\":{\"@type\":\"PropertyValueSpecification\",\"valueRequired\":true,\"valueName\":\"search_term_string\"}}],\"inLanguage\":\"fi\"},{\"@type\":\"Organization\",\"@id\":\"http:\/\/www.tmvtekniikka.fi\/#organization\",\"name\":\"TMV Tekniikka\",\"url\":\"http:\/\/www.tmvtekniikka.fi\/\",\"logo\":{\"@type\":\"ImageObject\",\"inLanguage\":\"fi\",\"@id\":\"http:\/\/www.tmvtekniikka.fi\/#\/schema\/logo\/image\/\",\"url\":\"http:\/\/www.tmvtekniikka.fi\/wp-content\/uploads\/2021\/01\/cropped-cropped-logo.jpg\",\"contentUrl\":\"http:\/\/www.tmvtekniikka.fi\/wp-content\/uploads\/2021\/01\/cropped-cropped-logo.jpg\",\"width\":210,\"height\":92,\"caption\":\"TMV Tekniikka\"},\"image\":{\"@id\":\"http:\/\/www.tmvtekniikka.fi\/#\/schema\/logo\/image\/\"}}]}<\/script>\n<!-- \/ Yoast SEO plugin. -->","yoast_head_json":{"title":"Kantojyrsint\u00e4 - TMV Tekniikka","robots":{"index":"index","follow":"follow","max-snippet":"max-snippet:-1","max-image-preview":"max-image-preview:large","max-video-preview":"max-video-preview:-1"},"canonical":"http:\/\/www.tmvtekniikka.fi\/index.php\/kantojyrsinta\/","og_locale":"fi_FI","og_type":"article","og_title":"Kantojyrsint\u00e4 - TMV Tekniikka","og_description":"Kannot pois ymp\u00e4rist\u00f6\u00f6n j\u00e4lki\u00e4 j\u00e4tt\u00e4m\u00e4tt\u00e4.&nbsp; Tehokas kantojyrsin jyrsii kannot 10-20 cm maanpinnan alapuolelle, my\u00f6s pinnassa olevien juurien jyrsint\u00e4 kannon ymp\u00e4rilt\u00e4.&nbsp; Tarjoamme my\u00f6s kokonaisvaltaista palvelua alueen siivouksesta aina nurmikon istutukseen saakka. Hinnasto: Jyrsint\u00e4 kannon halkaisijan mukaan 1,24\u20ac \/ 1cm Kantojyrsimen kuljetus 1,24\u20ac \/ km Muut ty\u00f6t kantojyrsint\u00e4ty\u00f6maalla, kuten alueen siivous yms. 43,5\u20ac\/h Hinnat sis\u00e4lt\u00e4v\u00e4t alv 24Lue lis\u00e4\u00e4","og_url":"http:\/\/www.tmvtekniikka.fi\/index.php\/kantojyrsinta\/","og_site_name":"TMV Tekniikka","article_modified_time":"2021-01-26T20:46:27+00:00","og_image":[{"url":"http:\/\/www.tmvtekniikka.fi\/wp-content\/uploads\/2021\/01\/Kanto-1--1024x575.jpg","type":"","width":"","height":""}],"twitter_card":"summary_large_image","schema":{"@context":"https:\/\/schema.org","@graph":[{"@type":"WebPage","@id":"http:\/\/www.tmvtekniikka.fi\/index.php\/kantojyrsinta\/","url":"http:\/\/www.tmvtekniikka.fi\/index.php\/kantojyrsinta\/","name":"Kantojyrsint\u00e4 - TMV Tekniikka","isPartOf":{"@id":"http:\/\/www.tmvtekniikka.fi\/#website"},"primaryImageOfPage":{"@id":"http:\/\/www.tmvtekniikka.fi\/index.php\/kantojyrsinta\/#primaryimage"},"image":{"@id":"http:\/\/www.tmvtekniikka.fi\/index.php\/kantojyrsinta\/#primaryimage"},"thumbnailUrl":"http:\/\/www.tmvtekniikka.fi\/wp-content\/uploads\/2021\/01\/Kanto-1--1024x575.jpg","datePublished":"2021-01-26T17:50:00+00:00","dateModified":"2021-01-26T20:46:27+00:00","breadcrumb":{"@id":"http:\/\/www.tmvtekniikka.fi\/index.php\/kantojyrsinta\/#breadcrumb"},"inLanguage":"fi","potentialAction":[{"@type":"ReadAction","target":["http:\/\/www.tmvtekniikka.fi\/index.php\/kantojyrsinta\/"]}]},{"@type":"ImageObject","inLanguage":"fi","@id":"http:\/\/www.tmvtekniikka.fi\/index.php\/kantojyrsinta\/#primaryimage","url":"http:\/\/www.tmvtekniikka.fi\/wp-content\/uploads\/2021\/01\/Kanto-1--1024x575.jpg","contentUrl":"http:\/\/www.tmvtekniikka.fi\/wp-content\/uploads\/2021\/01\/Kanto-1--1024x575.jpg"},{"@type":"BreadcrumbList","@id":"http:\/\/www.tmvtekniikka.fi\/index.php\/kantojyrsinta\/#breadcrumb","itemListElement":[{"@type":"ListItem","position":1,"name":"Etusivu","item":"http:\/\/www.tmvtekniikka.fi\/"},{"@type":"ListItem","position":2,"name":"Kantojyrsint\u00e4"}]},{"@type":"WebSite","@id":"http:\/\/www.tmvtekniikka.fi\/#website","url":"http:\/\/www.tmvtekniikka.fi\/","name":"TMV Tekniikka","description":"TMV Tekniikka Mikkeli","publisher":{"@id":"http:\/\/www.tmvtekniikka.fi\/#organization"},"potentialAction":[{"@type":"SearchAction","target":{"@type":"EntryPoint","urlTemplate":"http:\/\/www.tmvtekniikka.fi\/?s={search_term_string}"},"query-input":{"@type":"PropertyValueSpecification","valueRequired":true,"valueName":"search_term_string"}}],"inLanguage":"fi"},{"@type":"Organization","@id":"http:\/\/www.tmvtekniikka.fi\/#organization","name":"TMV Tekniikka","url":"http:\/\/www.tmvtekniikka.fi\/","logo":{"@type":"ImageObject","inLanguage":"fi","@id":"http:\/\/www.tmvtekniikka.fi\/#\/schema\/logo\/image\/","url":"http:\/\/www.tmvtekniikka.fi\/wp-content\/uploads\/2021\/01\/cropped-cropped-logo.jpg","contentUrl":"http:\/\/www.tmvtekniikka.fi\/wp-content\/uploads\/2021\/01\/cropped-cropped-logo.jpg","width":210,"height":92,"caption":"TMV Tekniikka"},"image":{"@id":"http:\/\/www.tmvtekniikka.fi\/#\/schema\/logo\/image\/"}}]}},"_links":{"self":[{"href":"http:\/\/www.tmvtekniikka.fi\/index.php\/wp-json\/wp\/v2\/pages\/43","targetHints":{"allow":["GET"]}}],"collection":[{"href":"http:\/\/www.tmvtekniikka.fi\/index.php\/wp-json\/wp\/v2\/pages"}],"about":[{"href":"http:\/\/www.tmvtekniikka.fi\/index.php\/wp-json\/wp\/v2\/types\/page"}],"author":[{"embeddable":true,"href":"http:\/\/www.tmvtekniikka.fi\/index.php\/wp-json\/wp\/v2\/users\/1"}],"replies":[{"embeddable":true,"href":"http:\/\/www.tmvtekniikka.fi\/index.php\/wp-json\/wp\/v2\/comments?post=43"}],"version-history":[{"count":5,"href":"http:\/\/www.tmvtekniikka.fi\/index.php\/wp-json\/wp\/v2\/pages\/43\/revisions"}],"predecessor-version":[{"id":104,"href":"http:\/\/www.tmvtekniikka.fi\/index.php\/wp-json\/wp\/v2\/pages\/43\/revisions\/104"}],"wp:attachment":[{"href":"http:\/\/www.tmvtekniikka.fi\/index.php\/wp-json\/wp\/v2\/media?parent=43"}],"curies":[{"name":"wp","href":"https:\/\/api.w.org\/{rel}","templated":true}]}}